True
Suppose -4*o + 274 + 34 = 0. Does 7 divide o?
True
Let r = -6 - -3. Is 18 a factor of (-1 - r) + 1 + 33?
True
Let f(o) = -3*o - 2. Let n be f(-2). Let s = -8 - -8. Suppose s = -n*p + 3*p + 3. Does 3 divide p?
True
Suppose -w + 4*r = -0 - 29, -2*r - 34 = -2*w. Suppose 4 = -3*v + w. Let b = 6 - v. Is 3 a factor of b?
True
Does 4 divide 4/1*(0 - -4)?
True
Let u = -6 - -11. Is 2 a factor of u?
False
Suppose 0 = 3*m + 2836 + 230. Let s be m/(-12) - 6/36. Suppose -3*i - 5*l + l + s = 0, -3*l = i - 30. Is 9 a factor of i?
True
Is 1 + -1 + 61 - -4 a multiple of 35?
False
Suppose -24 = -z + 18. Does 6 divide z?
True
Suppose 3*m + 258 = 2*c - 2*m, 0 = -4*c + 4*m + 540. Is c a multiple of 25?
False
Let y(k) = -3*k**2 + 5*k - 1. Let c(j) = -3*j**2 + 5*j - 1. Let g(f) = -5*c(f) + 4*y(f). Is 23 a factor of g(-4)?
True
Suppose 2*a + 2*w = 26, -4*a + 3*w = -10 - 49. Let b = 25 - a. Does 3 divide b?
False
Let c = -50 - -106. Is 14 a factor of c?
True
Let n(r) = -22*r. Let a be n(-1). Suppose -2*w = 3*w + 2*q + 152, -q = -3*w - 89. Let d = a - w. Is 19 a factor of d?
False
Let y(v) = 11*v**2 + 3*v + 4. Let m be y(3). Let f = -78 + m. Is f a multiple of 28?
False
Suppose -s + 34 = s. Suppose 2*w - 3*l - s = w, 3*w - 35 = 5*l. Does 5 divide w?
True
Suppose 3578 - 1202 = 9*k. Does 31 divide k?
False
Suppose 7*r - 6 = 8*r. Does 11 divide (33/r)/(3/(-6))?
True
Let v be ((-6)/4)/(6/(-8)). Let m(s) = 6*s**2 + s + 2. Is m(v) a multiple of 19?
False
Suppose 2*w - 996 = -372. Is 39 a factor of w?
True
Suppose 11*o - 4623 = -1851. Is o a multiple of 14?
True
Let z = 0 + 2. Suppose -z*u + 24 + 12 = 0. Suppose 4*i - u = 26. Is 11 a factor of i?
True
Suppose 0 = 3*y + 15, 3*y + 28 + 19 = 4*u. Is 4 a factor of u?
True
Let a be (-3 - 12)/3*-1. Suppose 26 = 3*p + f, -4*f + 27 = a*p - 21. Is p a multiple of 8?
True
Suppose 624 = 4*q + 5*u, q + 3*u = -3*q + 624. Is q a multiple of 39?
True
Let o = 28 + -26. Let l = o + 8. Is l a multiple of 5?
True
Does 29 divide (-16)/(-104) + (-1350)/(-13)?
False
Suppose 0*g + 4*g - 496 = 0. Let m(a) = a**3 + 6*a**2 - 6*a + 10. Let z be m(-7). Suppose g = x + z*x. Does 18 divide x?
False
Suppose -y + 6 = -11. Is 4 a factor of y?
False
Is 5 a factor of 133/7 - (1 + 3)?
True
Suppose 2*k + 215 = u, -4*k + 34 - 479 = 3*u. Is -2 - (k - (-4 - 0)) a multiple of 30?
False
Suppose 5*a - 4*a + 2*u = -4, -2*u = -5*a + 28. Suppose -4*x = 4*z - 84, a*z - 2*z - 43 = -x. Is 17 a factor of z?
False
Let h be 23/7 - (-6)/(-21). Suppose 8*x + 24 = w + h*x, -2*w + 26 = x. Is w a multiple of 14?
True
Let n(o) = -o**3 + 15*o**2 + 6. Is n(15) a multiple of 6?
True
Suppose 4 = -2*x - 4*z, 0*x + z = 2*x + 4. Let i be (-1)/x + 393/6. Is 14 a factor of i/((-3)/(-1)) - 0?
False
Suppose 0 = -c - 2*r + 8, 4*c = -2*r - 3 + 11. Suppose 5*y = -3*f + y + 37, c = f + 2*y - 11. Is 11 a factor of f?
False
Suppose 2*o - 1 - 3 = 0. Let g be (-1)/o - (-154)/4. Does 7 divide g/2 - (-5 - -3)?
True
Let s(m) = -2*m + 14. Let g be s(11). Let f(w) = w**2 + 3. Does 25 divide f(g)?
False
Let w = 3 - 3. Suppose 0 = -w*d + d + 4*g - 19, 2*d - 32 = -5*g. Is d a multiple of 3?
False
Suppose 2*x - 11 = -h + 8, 5*x = 2*h + 7. Does 3 divide h?
True
Suppose -c - 12 = -3*f, -15 = -5*f + 5. Suppose -2*d + 3*d - 9 = c. Is d a multiple of 3?
True
Let q(k) = -k + 2. Let c be q(-3). Let h(b) = 10*b + 2. Is h(c) a multiple of 13?
True
Suppose b = 2*j + 3*j + 170, -3*j + 6 = 0. Is 9 a factor of b?
True
Suppose -4*h + r + 10 = -7, 0 = -4*h + 4*r + 20. Suppose 0 = -3*x + h*k + 198, -x + 19 = 4*k - 47. Let f = x - 46. Is f a multiple of 16?
False
Let d(o) = -o**2 - 7*o - 1. Let m be d(-6). Suppose 25 = -0*b + m*b, 0 = l + 2*b - 22. Does 6 divide l?
True
Does 12 divide (-2)/(-5) + (-756)/(-35)?
False
Let b be -1*1*(3 + -8). Let f = 0 + b. Is f even?
False
Let f = -5 + 7. Suppose 4*y = f*y + 38. Does 10 divide y?
False
Let u be (-216)/22 - (-6)/(-33). Let b be (-244)/20 + (-2)/u. Let q = b + 37. Does 10 divide q?
False
Suppose 90 = 5*z - 5*u, -u - 22 = -2*z + 15. Is z a multiple of 3?
False
Let w be (-1 + 1)/(-1) + 4. Suppose r = -a + 36, 0 = -7*r + w*r + a + 112. Is 13 a factor of r?
False
Let n = 77 - 49. Suppose 0*c = c - n. Is 11 a factor of c?
False
Let x(b) = 9*b + 7. Let c(a) = a. Let m(s) = 11*s + 8. Let f(p) = -c(p) + m(p). Let o(i) = 4*f(i) - 5*x(i). Is o(-5) a multiple of 8?
False
Let z(v) = -v**3 - 8*v**2 + 6*v + 13. Does 9 divide z(-9)?
False
Let p(w) = w**3 - w**2 - w - 1. Let b be p(-1). Let o be (8/5)/(b/(-15)). Suppose o = 2*m + 2*m. Is m a multiple of 3?
True
Let a(g) = -12*g - 24. Is 10 a factor of a(-7)?
True
Suppose -3*j = 5*u - 213, 0*u = -2*u - 4*j + 88. Does 14 divide u?
True
Suppose 0 = -4*j + 3*t + 33 - 1, -j - t = -8. Suppose 20 = g + j. Is g a multiple of 4?
True
Let i(q) = q + 3. Let z be i(5). Suppose 4*x + 80 = z*x. Is 16 a factor of x?
False
Suppose 3*n = -2*n + 40. Is 4 a factor of (-3)/(-12) - (-62)/n?
True
Suppose -g = -3 - 7. Suppose 0 = -3*r - 3. Is ((-5)/(g/16))/r a multiple of 6?
False
Let d be (4/6)/(2/(-12)). Let t(l) = l**3 + 6*l**2 + 7*l + 6. Let r be t(d). Is 192/14 - r/(-35) a multiple of 5?
False
Let h(w) = 4*w**3 - 4*w**2 + w + 3. Is h(3) a multiple of 21?
False
Suppose 5*w = 15, 17 = -q - 3*w - 23. Let p = 3 - q. Is p a multiple of 13?
True
Suppose 3*r = -2*j + 146, 256 = 4*j + r - 4*r. Suppose 5*f = f + 176. Let d = j - f. Does 17 divide d?
False
Suppose 5*l - 2*v - 9 = 85, 0 = 5*v + 10. Is 50/l - 8/(-36) a multiple of 2?
False
Suppose -11*t + 208 = -331. Does 5 divide t?
False
Let r = 40 + -57. Suppose 4*q - 17 = -3*v - 56, 33 = -3*q - v. Let u = q - r. Does 5 divide u?
True
Suppose -87 = 2*o - 3*o. Let h = 147 - o. Is 20 a factor of h?
True
Let s = 10 - -3. Is s a multiple of 3?
False
Let o be -5 + (2 - 1) - 1. Let h(x) = -4*x - 2. Is h(o) a multiple of 18?
True
Does 10 divide 849/18 - -3 - 1/6?
True
Suppose 12*k = 7*k + 45. Let v = 14 - k. Is v even?
False
Let d = 7 - 3. Is (-6)/(-9)*54/d a multiple of 7?
False
Suppose h - 23 = -5*x, -4*h - 7*x + 12 = -3*x. Let o(v) = -5*v**3 + v**2 + 2*v. Is 18 a factor of o(h)?
False
Suppose 7*v - 153 = 274. Is 18 a factor of v?
False
Suppose 0*v - 1044 = -6*v. Is 26 a factor of v?
False
Suppose -4*b = -3*p + 49, 0 = p - 3*p + 5*b + 42. Suppose -27 = -x + 3*t + p, -5*t - 20 = 0. Is x a multiple of 11?
False
Let b = -8 + 32. Does 24 divide b?
True
Let p be (-1)/4*0 - 1. Let m(d) = 9*d**2 + d. Is 2 a factor of m(p)?
True
Let f = 5 - -2. Suppose 5*c = 28 - 3. Suppose 63 = 4*q - c*x, -q - f*x + 2*x = 3. Is 6 a factor of q?
True
Does 3 divide (-2668)/(-28) - (-6)/(-21)?
False
Suppose -2*p - 3*h = 29, -p + 2*h - 2 = -5. Let d(n) be the first derivative of -n**4/4 - 5*n**3/3 + 11*n**2/2 + 6*n - 1. Is d(p) a multiple of 10?
False
Let w be 12/(12/5 + (-4)/10). Let h be -1*(0 + (2 - 21)). Suppose -l - w = -3*c + 10, 4*c - h = -l. Is c a multiple of 2?
False
Suppose w + 3*w - 5 = 3*b, 0 = b - 5. Suppose 3*s = 2*s + 1, 5*s = -w*j + 165. Does 10 divide j?
False
Let c be -1 + -8*3/(-6). Suppose 75 = 6*m - c*m. Is 25 a factor of m?
True
Let f be (0 + -2)/(4/18). Is ((-42)/(-8))/(f/(-24)) a multiple of 14?
True
Let i(y) = y**3 - 3*y**2 - 3*y - 1. Let x be 8 + -3 + (-1 - 0). Let t be i(x). Suppose t*d = -3*h + 23 + 70, -185 = -5*d + 5*h. Is d a multiple of 13?
False
Suppose 0 = 5*y - 0*y - 15. Suppose -2*n + y*n = 0. Suppose 5*s = -5, n*k = -3*k - 5*s + 91. Is 12 a factor of k?
False
Suppose -4*t = 1 - 13. Let y = t + 0. Is 2 a factor of y?
False
Is 7 a factor of (6/(-12))/(1/(-128))?
False
Suppose 4 = 2*i + 8. Is (3 + i)/((-2)/(-10)) a multiple of 5?
True
Let n = 5 + -1. Suppose -64 = -y + 4*w, 0*w = -w - n. Is 14 a factor of y?
False
Suppose 3*i - 110 = -2. Is 18 a factor of i?
True
Let r = 5 - 5. Let t = r - -2. Suppose t*p = -2*p + 100. Is p a multiple of 25?
True
Let c = -13 - -21. Suppose -6*u = -2*u - 4*r - 60, c = -2*r. Let m = u + -4. Does 7 divide m?
True
Let j be (6 - 1) + -4 + 2. Suppose -j*x = -0*x - 6. Does 4 divide (-15)/x*(-2)/3?
False
Let r = 4 + -7. Let g = r - 9. Let s = 49 + g. Is 24 a factor of s?
False
Let v = -21 - -9. Let g = v - -83. Does 25 divide g?
False
Let f(d) = -8*d - 5. Let a be f(-2). Suppose 4*g = a + 17. Is g a multiple of 7?
True
Suppose -2*l - b = 2*l - 58, 5*l = -5*b + 65. Let y = l + -3. Suppo